{"id":5430,"date":"2022-11-09T15:54:47","date_gmt":"2022-11-09T20:54:47","guid":{"rendered":"https:\/\/elephantchocolat.vs-staging.com\/?page_id=5430"},"modified":"2023-01-30T16:06:33","modified_gmt":"2023-01-30T21:06:33","slug":"prise-en-charge-de-18-mois-et-plus","status":"publish","type":"page","link":"https:\/\/www.elephantchocolat.com\/famille\/prise-en-charge-de-18-mois-et-plus\/","title":{"rendered":"18 MOIS ET PLUS"},"content":{"rendered":"<div class=\"fusion-fullwidth fullwidth-box fusion-builder-row-1 fusion-flex-container nonhundred-percent-fullwidth non-hundred-percent-height-scrolling\" style=\"background-color: rgba(255,255,255,0);background-position: center center;background-repeat: no-repeat;border-width: 0px 0px 0px 0px;border-color:#eae9e9;border-style:solid;\" ><div class=\"fusion-builder-row fusion-row fusion-flex-align-items-flex-start\" style=\"max-width:1216.8px;margin-left: calc(-4% \/ 2 );margin-right: calc(-4% \/ 2 );\"><div class=\"fusion-layout-column fusion_builder_column fusion-builder-column-0 fusion_builder_column_1_1 1_1 fusion-flex-column\"><div class=\"fusion-column-wrapper fusion-flex-justify-content-flex-start fusion-content-layout-column\" style=\"background-position:left top;background-repeat:no-repeat;-webkit-background-size:cover;-moz-background-size:cover;-o-background-size:cover;background-size:cover;padding: 0px 0px 0px 0px;\"><div class=\"fusion-text fusion-text-1\"><h3>Le mandat de nos \u00e9ducatrices de jeunes enfants \u00e0 domicile consiste \u00e0 :<\/h3>\n<ul>\n<li>accompagner le\/les enfant(s) dans l&rsquo;apprentissage des gestes de la vie quotidienne ;<\/li>\n<li>guider le\/les enfant(s) vers l&rsquo;autonomie et la socialisation en respectant ses propres rythmes ;<\/li>\n<li>r\u00e9aliser des activit\u00e9s d&rsquo;\u00e9veil, de loisir et d&rsquo;\u00e9ducation int\u00e9rieures et ext\u00e9rieures ;<\/li>\n<li>am\u00e9nager le lieu de vie du\/des enfant(s) dans le but de favoriser son d\u00e9veloppement ;<\/li>\n<li>maintenir les espaces de vie en ordre ;<\/li>\n<li>amener\/r\u00e9cup\u00e9rer le\/les enfant(s) \u00e0 l&rsquo;\u00e9cole et\/ou \u00e0 la garderie (attention nous ne faisons pas d&rsquo;horaires coup\u00e9s) ;<\/li>\n<li>aider aux devoirs et \u00e0 l&rsquo;apprentissage de la langue fran\u00e7aise ;<\/li>\n<li>donner le(s) repas \/ biberon(s) \u00e0\/aux enfant(s) ;<\/li>\n<li>pr\u00e9parer les bo\u00eetes \u00e0 lunch du\/des enfant(s) ;<\/li>\n<li>pr\u00e9paration des repas du\/des enfant(s) si le temps le permet ;<\/li>\n<li>accompagnement global \u00e0 la parentalit\u00e9.<\/li>\n<\/ul>\n<\/div><div class=\"fusion-text fusion-text-2\" style=\"color:var(--awb-color4);font-family:&quot;Roboto&quot;;font-weight:700;\"><p><strong>Nos \u00e9ducatrices de jeunes enfants \u00e0 domicile se positionnent sur des postes \u00e0 temps plein sur une base d\u2019un an minimum.<\/strong><\/p>\n<\/div><style type=\"text\/css\">@media only screen and (max-width:1024px) {.fusion-title.fusion-title-1{margin-top:0px!important; margin-right:!important;margin-bottom:0px!important;margin-left:!important;}}<\/style><div class=\"fusion-title title fusion-title-1 fusion-title-text fusion-title-size-five\" style=\"margin-top:0px;margin-bottom:0px;\"><div class=\"title-sep-container title-sep-container-left fusion-no-large-visibility fusion-no-medium-visibility fusion-no-small-visibility\"><div class=\"title-sep sep-\" style=\"border-color:var(--awb-color3);\"><\/div><\/div><span class=\"awb-title-spacer fusion-no-large-visibility fusion-no-medium-visibility fusion-no-small-visibility\"><\/span><h5 class=\"title-heading-left fusion-responsive-typography-calculated\" style=\"margin:0;text-transform:none;color:var(--awb-color4);--fontSize:16;--minFontSize:16px;line-height:var(--awb-typography1-line-height);\">Pour d\u00e9couvrir des profils types :<\/h5><span class=\"awb-title-spacer\"><\/span><div class=\"title-sep-container title-sep-container-right\"><div class=\"title-sep sep-\" style=\"border-color:var(--awb-color3);\"><\/div><\/div><\/div><div style=\"text-align:left;\"><style>.fusion-body .fusion-button.button-1{border-radius:2px 2px 2px 2px;}<\/style><a class=\"fusion-button button-flat fusion-button-default-size button-default button-1 fusion-button-default-span fusion-button-default-type\" target=\"_self\" href=\"https:\/\/elephantchocolat.com\/famille\/contact\/\" style=\"margin-top:6px;\"><span class=\"fusion-button-text\">Contactez-nous<\/span><\/a><\/div><\/div><style type=\"text\/css\">.fusion-body .fusion-builder-column-0{width:100% !important;margin-top : 0px;margin-bottom : 20px;}.fusion-builder-column-0 > .fusion-column-wrapper {padding-top : 0px !important;padding-right : 0px !important;margin-right : 1.92%;padding-bottom : 0px !important;padding-left : 0px !important;margin-left : 1.92%;}@media only screen and (max-width:1024px) {.fusion-body .fusion-builder-column-0{width:100% !important;order : 0;}.fusion-builder-column-0 > .fusion-column-wrapper {margin-right : 1.92%;margin-left : 1.92%;}}@media only screen and (max-width:900px) {.fusion-body .fusion-builder-column-0{width:100% !important;order : 0;}.fusion-builder-column-0 > .fusion-column-wrapper {margin-right : 1.92%;margin-left : 1.92%;}}<\/style><\/div><\/div><style type=\"text\/css\">.fusion-body .fusion-flex-container.fusion-builder-row-1{ padding-top : 0px;margin-top : 0px;padding-right : 0px;padding-bottom : 0px;margin-bottom : 0px;padding-left : 0px;}<\/style><\/div>\n","protected":false},"excerpt":{"rendered":"","protected":false},"author":2,"featured_media":5275,"parent":0,"menu_order":0,"comment_status":"closed","ping_status":"closed","template":"","meta":{"footnotes":""},"class_list":["post-5430","page","type-page","status-publish","has-post-thumbnail","hentry"],"_links":{"self":[{"href":"https:\/\/www.elephantchocolat.com\/famille\/wp-json\/wp\/v2\/pages\/5430","targetHints":{"allow":["GET"]}}],"collection":[{"href":"https:\/\/www.elephantchocolat.com\/famille\/wp-json\/wp\/v2\/pages"}],"about":[{"href":"https:\/\/www.elephantchocolat.com\/famille\/wp-json\/wp\/v2\/types\/page"}],"author":[{"embeddable":true,"href":"https:\/\/www.elephantchocolat.com\/famille\/wp-json\/wp\/v2\/users\/2"}],"replies":[{"embeddable":true,"href":"https:\/\/www.elephantchocolat.com\/famille\/wp-json\/wp\/v2\/comments?post=5430"}],"version-history":[{"count":10,"href":"https:\/\/www.elephantchocolat.com\/famille\/wp-json\/wp\/v2\/pages\/5430\/revisions"}],"predecessor-version":[{"id":5734,"href":"https:\/\/www.elephantchocolat.com\/famille\/wp-json\/wp\/v2\/pages\/5430\/revisions\/5734"}],"wp:featuredmedia":[{"embeddable":true,"href":"https:\/\/www.elephantchocolat.com\/famille\/wp-json\/wp\/v2\/media\/5275"}],"wp:attachment":[{"href":"https:\/\/www.elephantchocolat.com\/famille\/wp-json\/wp\/v2\/media?parent=5430"}],"curies":[{"name":"wp","href":"https:\/\/api.w.org\/{rel}","templated":true}]}}