{"id":5556,"date":"2022-11-29T22:21:34","date_gmt":"2022-11-30T03:21:34","guid":{"rendered":"http:\/\/cpe.elephantchocolat.vs-staging.com\/?page_id=5556"},"modified":"2023-01-30T17:10:01","modified_gmt":"2023-01-30T22:10:01","slug":"emploi-cpe","status":"publish","type":"page","link":"https:\/\/www.elephantchocolat.com\/cpe\/emploi-cpe\/","title":{"rendered":"EMPLOI EN CPE"},"content":{"rendered":"<div class=\"fusion-fullwidth fullwidth-box fusion-builder-row-1 fusion-flex-container nonhundred-percent-fullwidth non-hundred-percent-height-scrolling\" style=\"background-color: rgba(255,255,255,0);background-position: center center;background-repeat: no-repeat;border-width: 0px 0px 0px 0px;border-color:#eae9e9;border-style:solid;\" ><div class=\"fusion-builder-row fusion-row fusion-flex-align-items-flex-start\" style=\"max-width:1216.8px;margin-left: calc(-4% \/ 2 );margin-right: calc(-4% \/ 2 );\"><div class=\"fusion-layout-column fusion_builder_column fusion-builder-column-0 fusion_builder_column_1_1 1_1 fusion-flex-column\"><div class=\"fusion-column-wrapper fusion-flex-justify-content-flex-start fusion-content-layout-column\" style=\"background-position:left top;background-repeat:no-repeat;-webkit-background-size:cover;-moz-background-size:cover;-o-background-size:cover;background-size:cover;padding: 0px 0px 0px 0px;\"><div class=\"fusion-text fusion-text-1\"><p>Pour les emplois en Centre de la Petite Enfance (CPE) nous travaillons avec des \u00c9ducateurs de Jeunes Enfants et des \u00c9ducateurs Sp\u00e9cialis\u00e9s. L\u2019\u00e9ducateur de Jeunes Enfants est amen\u00e9 \u00e0 prendre la responsabilit\u00e9 d\u2019un groupe d\u2019enfants de 0 \u00e0 5 ans dont les ratios d\u00e9pendent de la tranche d\u2019\u00e2ge des enfants. Il peut \u00eatre titulaire d\u2019un groupe ou \u0153uvrer en remplacement au sein de l\u2019ensemble du CPE. L\u2019\u00e9ducateur sp\u00e9cialis\u00e9 quant \u00e0 lui est amen\u00e9 \u00e0 suivre les enfants \u00e0 d\u00e9fis identifi\u00e9s au sein du CPE. L\u2019accompagnement \u00e0 la parentalit\u00e9 est au c\u0153ur de leur mission. Tous les mandats sont \u00e0 temps plein de 32 \u00e0 40 heures par semaine pour un minimum d\u2019une ann\u00e9e.<\/p>\n<\/div><div class=\"fusion-text fusion-text-2\"><p>Ce que nous offrons :<\/p>\n<ul>\n<li>une consultante pour le suivi de la pratique ;<\/li>\n<li>des mandats adapt\u00e9s \u00e0 vos sp\u00e9cialit\u00e9s et souhaits ;<\/li>\n<li>un salaire qui suit l\u2019\u00e9chelle salariale du Minist\u00e8re de la Famille et des A\u00een\u00e9s (MFA) ;<\/li>\n<li>uniquement des emplois \u00e0 temps plein : minimum 32 heures par semaine ;<\/li>\n<li>un environnement de travail respectueux et s\u00e9curitaire.<\/li>\n<\/ul>\n<\/div><style type=\"text\/css\">@media only screen and (max-width:1024px) {.fusion-title.fusion-title-1{margin-top:0px!important; margin-right:!important;margin-bottom:0px!important;margin-left:!important;}}<\/style><div class=\"fusion-title title fusion-title-1 fusion-title-text fusion-title-size-five\" style=\"margin-top:0px;margin-bottom:0px;\"><div class=\"title-sep-container title-sep-container-left fusion-no-large-visibility fusion-no-medium-visibility fusion-no-small-visibility\"><div class=\"title-sep sep-\" style=\"border-color:var(--awb-color3);\"><\/div><\/div><span class=\"awb-title-spacer fusion-no-large-visibility fusion-no-medium-visibility fusion-no-small-visibility\"><\/span><h5 class=\"title-heading-left fusion-responsive-typography-calculated\" style=\"margin:0;text-transform:none;color:var(--awb-color4);--fontSize:16;--minFontSize:16px;line-height:var(--awb-typography1-line-height);\">Pour d\u00e9couvrir nos opportunit\u00e9s d&#8217;emploi\u00a0:<\/h5><span class=\"awb-title-spacer\"><\/span><div class=\"title-sep-container title-sep-container-right\"><div class=\"title-sep sep-\" style=\"border-color:var(--awb-color3);\"><\/div><\/div><\/div><div style=\"text-align:left;\"><style>.fusion-body .fusion-button.button-1{border-radius:2px 2px 2px 2px;}<\/style><a class=\"fusion-button button-flat fusion-button-default-size button-default button-1 fusion-button-default-span fusion-button-default-type\" target=\"_self\" href=\"http:\/\/elephantchocolat.com\/cpe\/postulez\/\" style=\"margin-top:6px;\"><span class=\"fusion-button-text\">Postulez<\/span><\/a><\/div><\/div><style type=\"text\/css\">.fusion-body .fusion-builder-column-0{width:100% !important;margin-top : 0px;margin-bottom : 20px;}.fusion-builder-column-0 > .fusion-column-wrapper {padding-top : 0px !important;padding-right : 0px !important;margin-right : 1.92%;padding-bottom : 0px !important;padding-left : 0px !important;margin-left : 1.92%;}@media only screen and (max-width:1024px) {.fusion-body .fusion-builder-column-0{width:100% !important;order : 0;}.fusion-builder-column-0 > .fusion-column-wrapper {margin-right : 1.92%;margin-left : 1.92%;}}@media only screen and (max-width:900px) {.fusion-body .fusion-builder-column-0{width:100% !important;order : 0;}.fusion-builder-column-0 > .fusion-column-wrapper {margin-right : 1.92%;margin-left : 1.92%;}}<\/style><\/div><\/div><style type=\"text\/css\">.fusion-body .fusion-flex-container.fusion-builder-row-1{ padding-top : 0px;margin-top : 0px;padding-right : 0px;padding-bottom : 0px;margin-bottom : 0px;padding-left : 0px;}<\/style><\/div>\n","protected":false},"excerpt":{"rendered":"","protected":false},"author":2,"featured_media":5792,"parent":0,"menu_order":0,"comment_status":"closed","ping_status":"closed","template":"","meta":{"footnotes":""},"class_list":["post-5556","page","type-page","status-publish","has-post-thumbnail","hentry"],"_links":{"self":[{"href":"https:\/\/www.elephantchocolat.com\/cpe\/wp-json\/wp\/v2\/pages\/5556","targetHints":{"allow":["GET"]}}],"collection":[{"href":"https:\/\/www.elephantchocolat.com\/cpe\/wp-json\/wp\/v2\/pages"}],"about":[{"href":"https:\/\/www.elephantchocolat.com\/cpe\/wp-json\/wp\/v2\/types\/page"}],"author":[{"embeddable":true,"href":"https:\/\/www.elephantchocolat.com\/cpe\/wp-json\/wp\/v2\/users\/2"}],"replies":[{"embeddable":true,"href":"https:\/\/www.elephantchocolat.com\/cpe\/wp-json\/wp\/v2\/comments?post=5556"}],"version-history":[{"count":6,"href":"https:\/\/www.elephantchocolat.com\/cpe\/wp-json\/wp\/v2\/pages\/5556\/revisions"}],"predecessor-version":[{"id":5793,"href":"https:\/\/www.elephantchocolat.com\/cpe\/wp-json\/wp\/v2\/pages\/5556\/revisions\/5793"}],"wp:featuredmedia":[{"embeddable":true,"href":"https:\/\/www.elephantchocolat.com\/cpe\/wp-json\/wp\/v2\/media\/5792"}],"wp:attachment":[{"href":"https:\/\/www.elephantchocolat.com\/cpe\/wp-json\/wp\/v2\/media?parent=5556"}],"curies":[{"name":"wp","href":"https:\/\/api.w.org\/{rel}","templated":true}]}}