{"id":5293,"date":"2022-07-13T15:48:00","date_gmt":"2022-07-13T19:48:00","guid":{"rendered":"http:\/\/cpe.elephantchocolat.vs-staging.com\/?page_id=5293"},"modified":"2023-01-26T15:03:48","modified_gmt":"2023-01-26T20:03:48","slug":"service","status":"publish","type":"page","link":"https:\/\/www.elephantchocolat.com\/cpe\/service\/","title":{"rendered":"NOTRE SERVICE"},"content":{"rendered":"<div class=\"fusion-fullwidth fullwidth-box fusion-builder-row-1 fusion-flex-container nonhundred-percent-fullwidth non-hundred-percent-height-scrolling\" style=\"background-color: rgba(255,255,255,0);background-position: center center;background-repeat: no-repeat;border-width: 0px 0px 0px 0px;border-color:#eae9e9;border-style:solid;\" ><div class=\"fusion-builder-row fusion-row fusion-flex-align-items-flex-start\" style=\"max-width:1216.8px;margin-left: calc(-4% \/ 2 );margin-right: calc(-4% \/ 2 );\"><div class=\"fusion-layout-column fusion_builder_column fusion-builder-column-0 fusion_builder_column_1_1 1_1 fusion-flex-column\"><div class=\"fusion-column-wrapper fusion-flex-justify-content-flex-start fusion-content-layout-column\" style=\"background-position:left top;background-repeat:no-repeat;-webkit-background-size:cover;-moz-background-size:cover;-o-background-size:cover;background-size:cover;padding: 0px 0px 0px 0px;\"><div class=\"fusion-separator fusion-no-medium-visibility fusion-no-large-visibility fusion-full-width-sep\" style=\"align-self: center;margin-left: auto;margin-right: auto;margin-top:-160px;width:100%;\"><div class=\"fusion-separator-border sep-double\" style=\"border-color:var(--awb-color2);border-top-width:1px;border-bottom-width:1px;\"><\/div><\/div><style type=\"text\/css\">@media only screen and (max-width:1024px) {.fusion-title.fusion-title-1{margin-top:0px!important; margin-right:!important;margin-bottom:30px!important;margin-left:!important;}}<\/style><div class=\"fusion-title title fusion-title-1 fusion-title-center fusion-title-text fusion-title-size-two\" style=\"font-size:30px;margin-top:0px;margin-bottom:30px;\"><div class=\"title-sep-container title-sep-container-left\"><div class=\"title-sep sep-\" style=\"border-color:var(--awb-color3);\"><\/div><\/div><span class=\"awb-title-spacer\"><\/span><h2 class=\"title-heading-center fusion-responsive-typography-calculated\" style=\"margin:0;font-size:1em;text-transform:capitalize;color:var(--awb-color4);--fontSize:30;line-height:var(--awb-typography1-line-height);\"><p>UN SERVICE UNIQUE :<br \/>\nPLACEMENT D&rsquo;\u00c9DUCATRICES QUALIFI\u00c9ES DE LONGUE DUR\u00c9E<br \/>\n(1 AN MINIMUM)<\/p><\/h2><span class=\"awb-title-spacer\"><\/span><div class=\"title-sep-container title-sep-container-right\"><div class=\"title-sep sep-\" style=\"border-color:var(--awb-color3);\"><\/div><\/div><\/div><div class=\"fusion-text fusion-text-1\" style=\"font-family:-apple-system, BlinkMacSystemFont, &#039;Segoe UI&#039;, Roboto, Oxygen-Sans, Ubuntu, Cantarell, &#039;Helvetica Neue&#039; ,sans-serif;font-weight:400;margin-top:20px;\"><p style=\"text-align: left;\">Partout au Qu\u00e9bec, les CPE font faces \u00e0 des difficult\u00e9s d\u2019organisation du fait de la grande p\u00e9nurie de main d\u2019\u0153uvre en mati\u00e8re d\u2019\u00e9ducatrices de jeunes enfants qualifi\u00e9es. Notre mandat pour vous est simple et se d\u00e9cline en trois volets :<\/p>\n<ol>\n<li style=\"text-align: left;\">redonner de la stabilit\u00e9 et de la paix d\u2019esprit aux gestionnaires et au personnel de terrain en leur offrant une main d\u2019\u0153uvre qualifi\u00e9e et form\u00e9e pour combler les postes trop longtemps vacants et permettre l&rsquo;ouverture de nouveaux groupes ;<\/li>\n<li style=\"text-align: left;\">permettre aux parents de cr\u00e9er du lien sur la dur\u00e9e avec l\u2019\u00e9ducatrice de leur(s) enfant(s) ;<\/li>\n<li style=\"text-align: left;\">recruter des \u00e9ducatrices jeunes enfants form\u00e9es pour prendre soin de nos tout-petits dans les nouvelles structures que le gouvernement compte ouvrir dans les mois \u00e0 venir.<\/li>\n<\/ol>\n<\/div><\/div><style type=\"text\/css\">.fusion-body .fusion-builder-column-0{width:100% !important;margin-top : 0px;margin-bottom : 20px;}.fusion-builder-column-0 > .fusion-column-wrapper {padding-top : 0px !important;padding-right : 0px !important;margin-right : 1.92%;padding-bottom : 0px !important;padding-left : 0px !important;margin-left : 1.92%;}@media only screen and (max-width:1024px) {.fusion-body .fusion-builder-column-0{width:100% !important;order : 0;}.fusion-builder-column-0 > .fusion-column-wrapper {margin-right : 1.92%;margin-left : 1.92%;}}@media only screen and (max-width:900px) {.fusion-body .fusion-builder-column-0{width:100% !important;order : 0;}.fusion-builder-column-0 > .fusion-column-wrapper {margin-right : 1.92%;margin-left : 1.92%;}}<\/style><\/div><\/div><style type=\"text\/css\">.fusion-body .fusion-flex-container.fusion-builder-row-1{ padding-top : 0px;margin-top : 0px;padding-right : 0px;padding-bottom : 0px;margin-bottom : 0px;padding-left : 0px;}<\/style><\/div>\n","protected":false},"excerpt":{"rendered":"","protected":false},"author":2,"featured_media":5622,"parent":0,"menu_order":0,"comment_status":"closed","ping_status":"closed","template":"","meta":{"footnotes":""},"class_list":["post-5293","page","type-page","status-publish","has-post-thumbnail","hentry"],"_links":{"self":[{"href":"https:\/\/www.elephantchocolat.com\/cpe\/wp-json\/wp\/v2\/pages\/5293","targetHints":{"allow":["GET"]}}],"collection":[{"href":"https:\/\/www.elephantchocolat.com\/cpe\/wp-json\/wp\/v2\/pages"}],"about":[{"href":"https:\/\/www.elephantchocolat.com\/cpe\/wp-json\/wp\/v2\/types\/page"}],"author":[{"embeddable":true,"href":"https:\/\/www.elephantchocolat.com\/cpe\/wp-json\/wp\/v2\/users\/2"}],"replies":[{"embeddable":true,"href":"https:\/\/www.elephantchocolat.com\/cpe\/wp-json\/wp\/v2\/comments?post=5293"}],"version-history":[{"count":59,"href":"https:\/\/www.elephantchocolat.com\/cpe\/wp-json\/wp\/v2\/pages\/5293\/revisions"}],"predecessor-version":[{"id":5717,"href":"https:\/\/www.elephantchocolat.com\/cpe\/wp-json\/wp\/v2\/pages\/5293\/revisions\/5717"}],"wp:featuredmedia":[{"embeddable":true,"href":"https:\/\/www.elephantchocolat.com\/cpe\/wp-json\/wp\/v2\/media\/5622"}],"wp:attachment":[{"href":"https:\/\/www.elephantchocolat.com\/cpe\/wp-json\/wp\/v2\/media?parent=5293"}],"curies":[{"name":"wp","href":"https:\/\/api.w.org\/{rel}","templated":true}]}}